{"id":1348,"date":"2023-11-15T16:34:30","date_gmt":"2023-11-15T15:34:30","guid":{"rendered":"https:\/\/ebooks-premium.top\/?post_type=product&#038;p=1348"},"modified":"2025-09-26T13:42:51","modified_gmt":"2025-09-26T11:42:51","slug":"stimulez-votre-metabolisme","status":"publish","type":"product","link":"https:\/\/ebooks-premium.top\/?product=stimulez-votre-metabolisme","title":{"rendered":"Stimulez votre m\u00e9tabolisme"},"content":{"rendered":"<p>M\u00e9tabolisme. Il n\u2019y a probablement pas de mot plus fr\u00e9quemment utilis\u00e9 que celui-ci dans<br \/>\nle vocabulaire relatif \u00e0 la perte de poids (et prise de poids).<\/p>\n<p>En effet, il n&rsquo;est pas rare d&rsquo;entendre des gens parler de leurs combats &#8211; ou victoires \u2013 face<br \/>\naux rondeurs des vacances ou aux poign\u00e9es d&rsquo;amour en se r\u00e9f\u00e9rant au bon ou mauvais<br \/>\nfonctionnement de leur m\u00e9tabolisme.<\/p>\n<p>Les m\u00e9decins, font eux aussi souvent r\u00e9f\u00e9rence au m\u00e9tabolisme pour expliquer pourquoi<br \/>\nles r\u00e9gimes bas\u00e9s sur le je\u00fbne et la perte d\u2019eau ne sont ni scientifiquement et ni<br \/>\nm\u00e9dicalement responsables. Mais, h\u00e9las, ces r\u00e9gimes ne sont pas li\u00e9s au m\u00e9tabolisme<br \/>\n(encore ce mot!).<\/p>\n<p>Donc, comme l\u2019usage de ce terme, plut\u00f4t intimidant et plein de signification biologique,<br \/>\nest appr\u00e9ci\u00e9, vous pr\u00e9sumez, en toute logique, que les gens le comprennent, non? Ou, tout<br \/>\nau moins, qu\u2019ils ont quelques connaissances fondamentales quand \u00e0 la fa\u00e7on d\u2019am\u00e9liorer<br \/>\nleur m\u00e9tabolisme, n\u2019est-ce pas ? Faux!<\/p>\n","protected":false},"excerpt":{"rendered":"<p>Malheureusement, trop de monde ne comprend pas le concept de m\u00e9tabolisme et de<br \/>\nchangement m\u00e9tabolique. Ce qui est \u00e9galement regrettable, c\u2019est que ce n\u2019est pas leur<br \/>\nfaute.<\/p>\n","protected":false},"featured_media":1349,"comment_status":"open","ping_status":"closed","template":"","meta":{"om_disable_all_campaigns":false,"_uag_custom_page_level_css":"","_monsterinsights_skip_tracking":false,"_monsterinsights_sitenote_active":false,"_monsterinsights_sitenote_note":"","_monsterinsights_sitenote_category":0,"site-sidebar-layout":"default","site-content-layout":"","ast-site-content-layout":"default","site-content-style":"default","site-sidebar-style":"default","ast-global-header-display":"","ast-banner-title-visibility":"","ast-main-header-display":"","ast-hfb-above-header-display":"","ast-hfb-below-header-display":"","ast-hfb-mobile-header-display":"","site-post-title":"","ast-breadcrumbs-content":"","ast-featured-img":"","footer-sml-layout":"","theme-transparent-header-meta":"default","adv-header-id-meta":"","stick-header-meta":"","header-above-stick-meta":"","header-main-stick-meta":"","header-below-stick-meta":"","astra-migrate-meta-layouts":"set","ast-page-background-enabled":"default","ast-page-background-meta":{"desktop":{"background-color":"","background-image":"","background-repeat":"repeat","background-position":"center center","background-size":"auto","background-attachment":"scroll","background-type":"","background-media":"","overlay-type":"","overlay-color":"","overlay-gradient":""},"tablet":{"background-color":"","background-image":"","background-repeat":"repeat","background-position":"center center","background-size":"auto","background-attachment":"scroll","background-type":"","background-media":"","overlay-type":"","overlay-color":"","overlay-gradient":""},"mobile":{"background-color":"","background-image":"","background-repeat":"repeat","background-position":"center center","background-size":"auto","background-attachment":"scroll","background-type":"","background-media":"","overlay-type":"","overlay-color":"","overlay-gradient":""}},"ast-content-background-meta":{"desktop":{"background-color":"var(--ast-global-color-5)","background-image":"","background-repeat":"repeat","background-position":"center center","background-size":"auto","background-attachment":"scroll","background-type":"","background-media":"","overlay-type":"","overlay-color":"","overlay-gradient":""},"tablet":{"background-color":"var(--ast-global-color-5)","background-image":"","background-repeat":"repeat","background-position":"center center","background-size":"auto","background-attachment":"scroll","background-type":"","background-media":"","overlay-type":"","overlay-color":"","overlay-gradient":""},"mobile":{"background-color":"var(--ast-global-color-5)","background-image":"","background-repeat":"repeat","background-position":"center center","background-size":"auto","background-attachment":"scroll","background-type":"","background-media":"","overlay-type":"","overlay-color":"","overlay-gradient":""}}},"product_brand":[],"product_cat":[32],"product_tag":[],"class_list":{"0":"post-1348","1":"product","2":"type-product","3":"status-publish","4":"has-post-thumbnail","6":"product_cat-sante","7":"desktop-align-left","8":"tablet-align-left","9":"mobile-align-left","11":"first","12":"instock","13":"downloadable","14":"virtual","15":"purchasable","16":"product-type-simple"},"aioseo_notices":[],"uagb_featured_image_src":{"full":["https:\/\/ebooks-premium.top\/wp-content\/uploads\/2023\/11\/Capture-decran-2023-11-15-a-16.33.52.jpg",1600,1940,false],"thumbnail":["https:\/\/ebooks-premium.top\/wp-content\/uploads\/2023\/11\/Capture-decran-2023-11-15-a-16.33.52-150x150.jpg",150,150,true],"medium":["https:\/\/ebooks-premium.top\/wp-content\/uploads\/2023\/11\/Capture-decran-2023-11-15-a-16.33.52-247x300.jpg",247,300,true],"medium_large":["https:\/\/ebooks-premium.top\/wp-content\/uploads\/2023\/11\/Capture-decran-2023-11-15-a-16.33.52-768x931.jpg",768,931,true],"large":["https:\/\/ebooks-premium.top\/wp-content\/uploads\/2023\/11\/Capture-decran-2023-11-15-a-16.33.52-845x1024.jpg",845,1024,true],"1536x1536":["https:\/\/ebooks-premium.top\/wp-content\/uploads\/2023\/11\/Capture-decran-2023-11-15-a-16.33.52-1267x1536.jpg",1267,1536,true],"2048x2048":["https:\/\/ebooks-premium.top\/wp-content\/uploads\/2023\/11\/Capture-decran-2023-11-15-a-16.33.52.jpg",1600,1940,false],"woocommerce_thumbnail":["https:\/\/ebooks-premium.top\/wp-content\/uploads\/2023\/11\/Capture-decran-2023-11-15-a-16.33.52-300x457.jpg",300,457,true],"woocommerce_single":["https:\/\/ebooks-premium.top\/wp-content\/uploads\/2023\/11\/Capture-decran-2023-11-15-a-16.33.52-500x606.jpg",500,606,true],"woocommerce_gallery_thumbnail":["https:\/\/ebooks-premium.top\/wp-content\/uploads\/2023\/11\/Capture-decran-2023-11-15-a-16.33.52-100x100.jpg",100,100,true]},"uagb_author_info":{"display_name":"ebooks-premium.top","author_link":"https:\/\/ebooks-premium.top\/?author=0"},"uagb_comment_info":1,"uagb_excerpt":"Malheureusement, trop de monde ne comprend pas le concept de m\u00e9tabolisme et de changement m\u00e9tabolique. Ce qui est \u00e9galement regrettable, c\u2019est que ce n\u2019est pas leur faute.","_links":{"self":[{"href":"https:\/\/ebooks-premium.top\/index.php?rest_route=\/wp\/v2\/product\/1348","targetHints":{"allow":["GET"]}}],"collection":[{"href":"https:\/\/ebooks-premium.top\/index.php?rest_route=\/wp\/v2\/product"}],"about":[{"href":"https:\/\/ebooks-premium.top\/index.php?rest_route=\/wp\/v2\/types\/product"}],"replies":[{"embeddable":true,"href":"https:\/\/ebooks-premium.top\/index.php?rest_route=%2Fwp%2Fv2%2Fcomments&post=1348"}],"wp:featuredmedia":[{"embeddable":true,"href":"https:\/\/ebooks-premium.top\/index.php?rest_route=\/wp\/v2\/media\/1349"}],"wp:attachment":[{"href":"https:\/\/ebooks-premium.top\/index.php?rest_route=%2Fwp%2Fv2%2Fmedia&parent=1348"}],"wp:term":[{"taxonomy":"product_brand","embeddable":true,"href":"https:\/\/ebooks-premium.top\/index.php?rest_route=%2Fwp%2Fv2%2Fproduct_brand&post=1348"},{"taxonomy":"product_cat","embeddable":true,"href":"https:\/\/ebooks-premium.top\/index.php?rest_route=%2Fwp%2Fv2%2Fproduct_cat&post=1348"},{"taxonomy":"product_tag","embeddable":true,"href":"https:\/\/ebooks-premium.top\/index.php?rest_route=%2Fwp%2Fv2%2Fproduct_tag&post=1348"}],"curies":[{"name":"wp","href":"https:\/\/api.w.org\/{rel}","templated":true}]}}