{"id":1336,"date":"2023-11-14T15:30:25","date_gmt":"2023-11-14T14:30:25","guid":{"rendered":"https:\/\/ebooks-premium.top\/?post_type=product&#038;p=1336"},"modified":"2025-11-19T12:28:30","modified_gmt":"2025-11-19T11:28:30","slug":"cdemain-commence-aujourdhui","status":"publish","type":"product","link":"https:\/\/ebooks-premium.top\/?product=cdemain-commence-aujourdhui","title":{"rendered":"Demain commence aujourd&rsquo;hui"},"content":{"rendered":"<p>Le Metavers a fait couler beaucoup d&rsquo;encre ces derni\u00e8res ann\u00e9es, les entreprises<br \/>\ntechnologiques, les gourous et les chefs d&rsquo;entreprise parlant tous du pouvoir illimit\u00e9 qu&rsquo;il peut<br \/>\noffrir. Il est cens\u00e9 r\u00e9volutionner l&rsquo;Internet, ce qui suscite beaucoup d&rsquo;excitation et d&rsquo;inqui\u00e9tude<br \/>\nchez certaines personnes et certains groupes. Avec Facebook qui s&rsquo;est r\u00e9cemment rebaptis\u00e9<br \/>\n\u00ab\u00a0Meta\u00a0\u00bb et qui a red\u00e9fini son engagement \u00e0 construire bient\u00f4t le Metavers, le mot est plus que<br \/>\njamais sur les l\u00e8vres des gens.<\/p>\n<p>Cependant, le Metavers est un domaine qui est \u00e9galement entour\u00e9 de confusion. De quoi s&rsquo;agit-<br \/>\nil ? Qui en est le propri\u00e9taire ? Que peut-on faire avec ? Ce sont toutes des questions que les<\/p>\n<p>gens se posent, et qu&rsquo;ils posent d&rsquo;autant plus fort que les nouvelles sont r\u00e9centes.<\/p>\n","protected":false},"excerpt":{"rendered":"<p>Cet Ebook va vous aider, car nous allons expliquer \u00e9tape par \u00e9tape ce qu&rsquo;est le<br \/>\nMetavers et pourquoi exactement vous devriez vous y int\u00e9resser.<\/p>\n","protected":false},"featured_media":1337,"comment_status":"open","ping_status":"closed","template":"","meta":{"om_disable_all_campaigns":false,"_uag_custom_page_level_css":"","_monsterinsights_skip_tracking":false,"_monsterinsights_sitenote_active":false,"_monsterinsights_sitenote_note":"","_monsterinsights_sitenote_category":0,"site-sidebar-layout":"default","site-content-layout":"","ast-site-content-layout":"default","site-content-style":"default","site-sidebar-style":"default","ast-global-header-display":"","ast-banner-title-visibility":"","ast-main-header-display":"","ast-hfb-above-header-display":"","ast-hfb-below-header-display":"","ast-hfb-mobile-header-display":"","site-post-title":"","ast-breadcrumbs-content":"","ast-featured-img":"","footer-sml-layout":"","theme-transparent-header-meta":"default","adv-header-id-meta":"","stick-header-meta":"","header-above-stick-meta":"","header-main-stick-meta":"","header-below-stick-meta":"","astra-migrate-meta-layouts":"set","ast-page-background-enabled":"default","ast-page-background-meta":{"desktop":{"background-color":"","background-image":"","background-repeat":"repeat","background-position":"center center","background-size":"auto","background-attachment":"scroll","background-type":"","background-media":"","overlay-type":"","overlay-color":"","overlay-gradient":""},"tablet":{"background-color":"","background-image":"","background-repeat":"repeat","background-position":"center center","background-size":"auto","background-attachment":"scroll","background-type":"","background-media":"","overlay-type":"","overlay-color":"","overlay-gradient":""},"mobile":{"background-color":"","background-image":"","background-repeat":"repeat","background-position":"center center","background-size":"auto","background-attachment":"scroll","background-type":"","background-media":"","overlay-type":"","overlay-color":"","overlay-gradient":""}},"ast-content-background-meta":{"desktop":{"background-color":"var(--ast-global-color-5)","background-image":"","background-repeat":"repeat","background-position":"center center","background-size":"auto","background-attachment":"scroll","background-type":"","background-media":"","overlay-type":"","overlay-color":"","overlay-gradient":""},"tablet":{"background-color":"var(--ast-global-color-5)","background-image":"","background-repeat":"repeat","background-position":"center center","background-size":"auto","background-attachment":"scroll","background-type":"","background-media":"","overlay-type":"","overlay-color":"","overlay-gradient":""},"mobile":{"background-color":"var(--ast-global-color-5)","background-image":"","background-repeat":"repeat","background-position":"center center","background-size":"auto","background-attachment":"scroll","background-type":"","background-media":"","overlay-type":"","overlay-color":"","overlay-gradient":""}}},"product_brand":[],"product_cat":[39],"product_tag":[],"class_list":{"0":"post-1336","1":"product","2":"type-product","3":"status-publish","4":"has-post-thumbnail","6":"product_cat-marketing","7":"desktop-align-left","8":"tablet-align-left","9":"mobile-align-left","11":"first","12":"instock","13":"downloadable","14":"virtual","15":"purchasable","16":"product-type-simple"},"aioseo_notices":[],"uagb_featured_image_src":{"full":["https:\/\/ebooks-premium.top\/wp-content\/uploads\/2023\/11\/Capture-decran-2023-11-14-a-15.27.58.jpg",1584,2216,false],"thumbnail":["https:\/\/ebooks-premium.top\/wp-content\/uploads\/2023\/11\/Capture-decran-2023-11-14-a-15.27.58-150x150.jpg",150,150,true],"medium":["https:\/\/ebooks-premium.top\/wp-content\/uploads\/2023\/11\/Capture-decran-2023-11-14-a-15.27.58-214x300.jpg",214,300,true],"medium_large":["https:\/\/ebooks-premium.top\/wp-content\/uploads\/2023\/11\/Capture-decran-2023-11-14-a-15.27.58-768x1074.jpg",768,1074,true],"large":["https:\/\/ebooks-premium.top\/wp-content\/uploads\/2023\/11\/Capture-decran-2023-11-14-a-15.27.58-732x1024.jpg",732,1024,true],"1536x1536":["https:\/\/ebooks-premium.top\/wp-content\/uploads\/2023\/11\/Capture-decran-2023-11-14-a-15.27.58-1098x1536.jpg",1098,1536,true],"2048x2048":["https:\/\/ebooks-premium.top\/wp-content\/uploads\/2023\/11\/Capture-decran-2023-11-14-a-15.27.58-1464x2048.jpg",1464,2048,true],"woocommerce_thumbnail":["https:\/\/ebooks-premium.top\/wp-content\/uploads\/2023\/11\/Capture-decran-2023-11-14-a-15.27.58-300x457.jpg",300,457,true],"woocommerce_single":["https:\/\/ebooks-premium.top\/wp-content\/uploads\/2023\/11\/Capture-decran-2023-11-14-a-15.27.58-500x699.jpg",500,699,true],"woocommerce_gallery_thumbnail":["https:\/\/ebooks-premium.top\/wp-content\/uploads\/2023\/11\/Capture-decran-2023-11-14-a-15.27.58-100x100.jpg",100,100,true]},"uagb_author_info":{"display_name":"ebooks-premium.top","author_link":"https:\/\/ebooks-premium.top\/?author=0"},"uagb_comment_info":2,"uagb_excerpt":"Cet Ebook va vous aider, car nous allons expliquer \u00e9tape par \u00e9tape ce qu'est le Metavers et pourquoi exactement vous devriez vous y int\u00e9resser.","_links":{"self":[{"href":"https:\/\/ebooks-premium.top\/index.php?rest_route=\/wp\/v2\/product\/1336","targetHints":{"allow":["GET"]}}],"collection":[{"href":"https:\/\/ebooks-premium.top\/index.php?rest_route=\/wp\/v2\/product"}],"about":[{"href":"https:\/\/ebooks-premium.top\/index.php?rest_route=\/wp\/v2\/types\/product"}],"replies":[{"embeddable":true,"href":"https:\/\/ebooks-premium.top\/index.php?rest_route=%2Fwp%2Fv2%2Fcomments&post=1336"}],"wp:featuredmedia":[{"embeddable":true,"href":"https:\/\/ebooks-premium.top\/index.php?rest_route=\/wp\/v2\/media\/1337"}],"wp:attachment":[{"href":"https:\/\/ebooks-premium.top\/index.php?rest_route=%2Fwp%2Fv2%2Fmedia&parent=1336"}],"wp:term":[{"taxonomy":"product_brand","embeddable":true,"href":"https:\/\/ebooks-premium.top\/index.php?rest_route=%2Fwp%2Fv2%2Fproduct_brand&post=1336"},{"taxonomy":"product_cat","embeddable":true,"href":"https:\/\/ebooks-premium.top\/index.php?rest_route=%2Fwp%2Fv2%2Fproduct_cat&post=1336"},{"taxonomy":"product_tag","embeddable":true,"href":"https:\/\/ebooks-premium.top\/index.php?rest_route=%2Fwp%2Fv2%2Fproduct_tag&post=1336"}],"curies":[{"name":"wp","href":"https:\/\/api.w.org\/{rel}","templated":true}]}}