{"id":1331,"date":"2023-11-14T15:20:11","date_gmt":"2023-11-14T14:20:11","guid":{"rendered":"https:\/\/ebooks-premium.top\/?post_type=product&#038;p=1331"},"modified":"2023-11-16T17:38:50","modified_gmt":"2023-11-16T16:38:50","slug":"maitriser-le-marketing-viral","status":"publish","type":"product","link":"https:\/\/ebooks-premium.top\/?product=maitriser-le-marketing-viral","title":{"rendered":"Maitriser le marketing viral"},"content":{"rendered":"<p>Le marketing viral est devenu un moyen de marketing respectable et, surtout, tr\u00e8s efficace<br \/>\npour les entreprises du monde entier &#8211; \u00e0 condition qu&rsquo;il soit r\u00e9alis\u00e9 correctement et<br \/>\nrespectueusement.<br \/>\nCorrectement et respectueusement ? Qu&rsquo;est-ce que cela signifie ? Cela signifie qu&rsquo;il ne faut<br \/>\npas abuser du syst\u00e8me. Il s&rsquo;agit d&rsquo;utiliser des tactiques de marketing viral pour faire<br \/>\nconna\u00eetre votre entreprise, votre produit et votre service sans offenser les autres ni \u00eatre<br \/>\n\u00e9go\u00efste.<br \/>\nMais le marketing viral est intrins\u00e8quement \u00e9go\u00efste, n&rsquo;est-ce pas ? Eh bien, oui et non. Pour<br \/>\n\u00eatre vraiment efficace, le marketing viral doit inclure une approche donnant-donnant. Vous<br \/>\ndevez faire participer les autres, prendre part \u00e0 la conversation et donner autant que vous<br \/>\nrecevez.<br \/>\nEn d&rsquo;autres termes, ne vous attendez pas \u00e0 ce que votre message se r\u00e9pande tout seul. Le<br \/>\nmarketing viral demande du temps, une planification minutieuse et une ex\u00e9cution bien<br \/>\npens\u00e9e.<\/p>\n","protected":false},"excerpt":{"rendered":"<p>Les sites de m\u00e9dias sociaux comme Facebook, Twitter, LinkedIn et YouTube sont en fait des<br \/>\nproduits du marketing viral eux-m\u00eames<\/p>\n","protected":false},"featured_media":1333,"comment_status":"open","ping_status":"closed","template":"","meta":{"om_disable_all_campaigns":false,"_uag_custom_page_level_css":"","_monsterinsights_skip_tracking":false,"_monsterinsights_sitenote_active":false,"_monsterinsights_sitenote_note":"","_monsterinsights_sitenote_category":0,"site-sidebar-layout":"default","site-content-layout":"","ast-site-content-layout":"default","site-content-style":"default","site-sidebar-style":"default","ast-global-header-display":"","ast-banner-title-visibility":"","ast-main-header-display":"","ast-hfb-above-header-display":"","ast-hfb-below-header-display":"","ast-hfb-mobile-header-display":"","site-post-title":"","ast-breadcrumbs-content":"","ast-featured-img":"","footer-sml-layout":"","theme-transparent-header-meta":"default","adv-header-id-meta":"","stick-header-meta":"","header-above-stick-meta":"","header-main-stick-meta":"","header-below-stick-meta":"","astra-migrate-meta-layouts":"set","ast-page-background-enabled":"default","ast-page-background-meta":{"desktop":{"background-color":"","background-image":"","background-repeat":"repeat","background-position":"center center","background-size":"auto","background-attachment":"scroll","background-type":"","background-media":"","overlay-type":"","overlay-color":"","overlay-gradient":""},"tablet":{"background-color":"","background-image":"","background-repeat":"repeat","background-position":"center center","background-size":"auto","background-attachment":"scroll","background-type":"","background-media":"","overlay-type":"","overlay-color":"","overlay-gradient":""},"mobile":{"background-color":"","background-image":"","background-repeat":"repeat","background-position":"center center","background-size":"auto","background-attachment":"scroll","background-type":"","background-media":"","overlay-type":"","overlay-color":"","overlay-gradient":""}},"ast-content-background-meta":{"desktop":{"background-color":"var(--ast-global-color-5)","background-image":"","background-repeat":"repeat","background-position":"center center","background-size":"auto","background-attachment":"scroll","background-type":"","background-media":"","overlay-type":"","overlay-color":"","overlay-gradient":""},"tablet":{"background-color":"var(--ast-global-color-5)","background-image":"","background-repeat":"repeat","background-position":"center center","background-size":"auto","background-attachment":"scroll","background-type":"","background-media":"","overlay-type":"","overlay-color":"","overlay-gradient":""},"mobile":{"background-color":"var(--ast-global-color-5)","background-image":"","background-repeat":"repeat","background-position":"center center","background-size":"auto","background-attachment":"scroll","background-type":"","background-media":"","overlay-type":"","overlay-color":"","overlay-gradient":""}}},"product_brand":[],"product_cat":[39],"product_tag":[],"class_list":{"0":"post-1331","1":"product","2":"type-product","3":"status-publish","4":"has-post-thumbnail","6":"product_cat-marketing","7":"desktop-align-left","8":"tablet-align-left","9":"mobile-align-left","11":"first","12":"instock","13":"downloadable","14":"virtual","15":"purchasable","16":"product-type-simple"},"aioseo_notices":[],"uagb_featured_image_src":{"full":["https:\/\/ebooks-premium.top\/wp-content\/uploads\/2023\/11\/Capture-decran-2023-11-14-a-15.21.57.jpg",1416,2020,false],"thumbnail":["https:\/\/ebooks-premium.top\/wp-content\/uploads\/2023\/11\/Capture-decran-2023-11-14-a-15.21.57-150x150.jpg",150,150,true],"medium":["https:\/\/ebooks-premium.top\/wp-content\/uploads\/2023\/11\/Capture-decran-2023-11-14-a-15.21.57-210x300.jpg",210,300,true],"medium_large":["https:\/\/ebooks-premium.top\/wp-content\/uploads\/2023\/11\/Capture-decran-2023-11-14-a-15.21.57-768x1096.jpg",768,1096,true],"large":["https:\/\/ebooks-premium.top\/wp-content\/uploads\/2023\/11\/Capture-decran-2023-11-14-a-15.21.57-718x1024.jpg",718,1024,true],"1536x1536":["https:\/\/ebooks-premium.top\/wp-content\/uploads\/2023\/11\/Capture-decran-2023-11-14-a-15.21.57-1077x1536.jpg",1077,1536,true],"2048x2048":["https:\/\/ebooks-premium.top\/wp-content\/uploads\/2023\/11\/Capture-decran-2023-11-14-a-15.21.57.jpg",1416,2020,false],"woocommerce_thumbnail":["https:\/\/ebooks-premium.top\/wp-content\/uploads\/2023\/11\/Capture-decran-2023-11-14-a-15.21.57-300x457.jpg",300,457,true],"woocommerce_single":["https:\/\/ebooks-premium.top\/wp-content\/uploads\/2023\/11\/Capture-decran-2023-11-14-a-15.21.57-500x713.jpg",500,713,true],"woocommerce_gallery_thumbnail":["https:\/\/ebooks-premium.top\/wp-content\/uploads\/2023\/11\/Capture-decran-2023-11-14-a-15.21.57-100x100.jpg",100,100,true]},"uagb_author_info":{"display_name":"ebooks-premium.top","author_link":"https:\/\/ebooks-premium.top\/?author=0"},"uagb_comment_info":0,"uagb_excerpt":"Les sites de m\u00e9dias sociaux comme Facebook, Twitter, LinkedIn et YouTube sont en fait des produits du marketing viral eux-m\u00eames","_links":{"self":[{"href":"https:\/\/ebooks-premium.top\/index.php?rest_route=\/wp\/v2\/product\/1331","targetHints":{"allow":["GET"]}}],"collection":[{"href":"https:\/\/ebooks-premium.top\/index.php?rest_route=\/wp\/v2\/product"}],"about":[{"href":"https:\/\/ebooks-premium.top\/index.php?rest_route=\/wp\/v2\/types\/product"}],"replies":[{"embeddable":true,"href":"https:\/\/ebooks-premium.top\/index.php?rest_route=%2Fwp%2Fv2%2Fcomments&post=1331"}],"wp:featuredmedia":[{"embeddable":true,"href":"https:\/\/ebooks-premium.top\/index.php?rest_route=\/wp\/v2\/media\/1333"}],"wp:attachment":[{"href":"https:\/\/ebooks-premium.top\/index.php?rest_route=%2Fwp%2Fv2%2Fmedia&parent=1331"}],"wp:term":[{"taxonomy":"product_brand","embeddable":true,"href":"https:\/\/ebooks-premium.top\/index.php?rest_route=%2Fwp%2Fv2%2Fproduct_brand&post=1331"},{"taxonomy":"product_cat","embeddable":true,"href":"https:\/\/ebooks-premium.top\/index.php?rest_route=%2Fwp%2Fv2%2Fproduct_cat&post=1331"},{"taxonomy":"product_tag","embeddable":true,"href":"https:\/\/ebooks-premium.top\/index.php?rest_route=%2Fwp%2Fv2%2Fproduct_tag&post=1331"}],"curies":[{"name":"wp","href":"https:\/\/api.w.org\/{rel}","templated":true}]}}