{"id":1309,"date":"2023-11-13T12:17:29","date_gmt":"2023-11-13T11:17:29","guid":{"rendered":"https:\/\/ebooks-premium.top\/?post_type=product&#038;p=1309"},"modified":"2026-01-13T18:04:13","modified_gmt":"2026-01-13T17:04:13","slug":"introduction-au-marketing-daffiliation","status":"publish","type":"product","link":"https:\/\/ebooks-premium.top\/?product=introduction-au-marketing-daffiliation","title":{"rendered":"Introduction Au Marketing d&rsquo;Affiliation"},"content":{"rendered":"<p>Au sens large du terme, il s&rsquo;agit de gagner une commission en recommandant un<br \/>\nproduit ou un service. De nos jours, il peut s&rsquo;agir de tout ce que l&rsquo;on peut imaginer et<br \/>\nquand je dis cela, je n&rsquo;exag\u00e8re pas !<br \/>\nPresque tous les produits ou services en ligne sont associ\u00e9s \u00e0 un programme<br \/>\nd&rsquo;affiliation. Des entreprises de vacances aux v\u00eatements pour b\u00e9b\u00e9s, en passant par les<br \/>\nproduits de marketing Internet pour petites entreprises et les logiciels de vente.<br \/>\nOui, le marketing d&rsquo;affiliation est un \u00e9norme business et, heureusement pour vous, l&rsquo;un<br \/>\ndes plus faciles \u00e0 mettre en place.<br \/>\nLe principe du marketing d&rsquo;affiliation est que vous faites la promotion de produits, par<br \/>\nl&rsquo;interm\u00e9diaire d&rsquo;un r\u00e9seau d&rsquo;affiliation, et que vous percevez une commission si votre<br \/>\npublic ach\u00e8te gr\u00e2ce \u00e0 vos efforts de marketing via votre lien d&rsquo;affiliation.<br \/>\nLe r\u00e9sultat final est que vous gagnez une commission bas\u00e9e sur un pourcentage fix\u00e9<br \/>\npar le vendeur. Ce pourcentage d\u00e9pend uniquement du montant fix\u00e9 par le vendeur et<br \/>\npeut aller de 1% \u00e0 100%.<br \/>\nLe but ultime est de gagner de l&rsquo;argent en dormant et en gagnant du temps. Une phrase<br \/>\ninvent\u00e9e par Pat Flynn, de Smart Passive Income, est la suivante : \u00ab\u00a0Travaillez dur<br \/>\nmaintenant et r\u00e9coltez les fruits de vos efforts pendant des ann\u00e9es\u00a0\u00bb.<\/p>\n","protected":false},"excerpt":{"rendered":"<p>La plupart des sp\u00e9cialistes du marketing ont commenc\u00e9 ou ont une partie de leur<br \/>\nactivit\u00e9 dans le marketing d&rsquo;affiliation. C&rsquo;est simple \u00e0 mettre en place et permet de<br \/>\ngagner un revenu important.<\/p>\n","protected":false},"featured_media":1310,"comment_status":"open","ping_status":"closed","template":"","meta":{"om_disable_all_campaigns":false,"_uag_custom_page_level_css":"","_monsterinsights_skip_tracking":false,"_monsterinsights_sitenote_active":false,"_monsterinsights_sitenote_note":"","_monsterinsights_sitenote_category":0,"site-sidebar-layout":"default","site-content-layout":"","ast-site-content-layout":"default","site-content-style":"default","site-sidebar-style":"default","ast-global-header-display":"","ast-banner-title-visibility":"","ast-main-header-display":"","ast-hfb-above-header-display":"","ast-hfb-below-header-display":"","ast-hfb-mobile-header-display":"","site-post-title":"","ast-breadcrumbs-content":"","ast-featured-img":"","footer-sml-layout":"","theme-transparent-header-meta":"default","adv-header-id-meta":"","stick-header-meta":"","header-above-stick-meta":"","header-main-stick-meta":"","header-below-stick-meta":"","astra-migrate-meta-layouts":"set","ast-page-background-enabled":"default","ast-page-background-meta":{"desktop":{"background-color":"","background-image":"","background-repeat":"repeat","background-position":"center center","background-size":"auto","background-attachment":"scroll","background-type":"","background-media":"","overlay-type":"","overlay-color":"","overlay-gradient":""},"tablet":{"background-color":"","background-image":"","background-repeat":"repeat","background-position":"center center","background-size":"auto","background-attachment":"scroll","background-type":"","background-media":"","overlay-type":"","overlay-color":"","overlay-gradient":""},"mobile":{"background-color":"","background-image":"","background-repeat":"repeat","background-position":"center center","background-size":"auto","background-attachment":"scroll","background-type":"","background-media":"","overlay-type":"","overlay-color":"","overlay-gradient":""}},"ast-content-background-meta":{"desktop":{"background-color":"var(--ast-global-color-5)","background-image":"","background-repeat":"repeat","background-position":"center center","background-size":"auto","background-attachment":"scroll","background-type":"","background-media":"","overlay-type":"","overlay-color":"","overlay-gradient":""},"tablet":{"background-color":"var(--ast-global-color-5)","background-image":"","background-repeat":"repeat","background-position":"center center","background-size":"auto","background-attachment":"scroll","background-type":"","background-media":"","overlay-type":"","overlay-color":"","overlay-gradient":""},"mobile":{"background-color":"var(--ast-global-color-5)","background-image":"","background-repeat":"repeat","background-position":"center center","background-size":"auto","background-attachment":"scroll","background-type":"","background-media":"","overlay-type":"","overlay-color":"","overlay-gradient":""}}},"product_brand":[],"product_cat":[39],"product_tag":[],"class_list":{"0":"post-1309","1":"product","2":"type-product","3":"status-publish","4":"has-post-thumbnail","6":"product_cat-marketing","7":"desktop-align-left","8":"tablet-align-left","9":"mobile-align-left","11":"first","12":"instock","13":"downloadable","14":"virtual","15":"purchasable","16":"product-type-simple"},"aioseo_notices":[],"uagb_featured_image_src":{"full":["https:\/\/ebooks-premium.top\/wp-content\/uploads\/2023\/11\/Capture-decran-2023-11-13-a-12.16.59.jpg",1600,2124,false],"thumbnail":["https:\/\/ebooks-premium.top\/wp-content\/uploads\/2023\/11\/Capture-decran-2023-11-13-a-12.16.59-150x150.jpg",150,150,true],"medium":["https:\/\/ebooks-premium.top\/wp-content\/uploads\/2023\/11\/Capture-decran-2023-11-13-a-12.16.59-226x300.jpg",226,300,true],"medium_large":["https:\/\/ebooks-premium.top\/wp-content\/uploads\/2023\/11\/Capture-decran-2023-11-13-a-12.16.59-768x1020.jpg",768,1020,true],"large":["https:\/\/ebooks-premium.top\/wp-content\/uploads\/2023\/11\/Capture-decran-2023-11-13-a-12.16.59-771x1024.jpg",771,1024,true],"1536x1536":["https:\/\/ebooks-premium.top\/wp-content\/uploads\/2023\/11\/Capture-decran-2023-11-13-a-12.16.59-1157x1536.jpg",1157,1536,true],"2048x2048":["https:\/\/ebooks-premium.top\/wp-content\/uploads\/2023\/11\/Capture-decran-2023-11-13-a-12.16.59-1543x2048.jpg",1543,2048,true],"woocommerce_thumbnail":["https:\/\/ebooks-premium.top\/wp-content\/uploads\/2023\/11\/Capture-decran-2023-11-13-a-12.16.59-300x457.jpg",300,457,true],"woocommerce_single":["https:\/\/ebooks-premium.top\/wp-content\/uploads\/2023\/11\/Capture-decran-2023-11-13-a-12.16.59-500x664.jpg",500,664,true],"woocommerce_gallery_thumbnail":["https:\/\/ebooks-premium.top\/wp-content\/uploads\/2023\/11\/Capture-decran-2023-11-13-a-12.16.59-100x100.jpg",100,100,true]},"uagb_author_info":{"display_name":"ebooks-premium.top","author_link":"https:\/\/ebooks-premium.top\/?author=0"},"uagb_comment_info":1,"uagb_excerpt":"La plupart des sp\u00e9cialistes du marketing ont commenc\u00e9 ou ont une partie de leur activit\u00e9 dans le marketing d'affiliation. C'est simple \u00e0 mettre en place et permet de gagner un revenu important.","_links":{"self":[{"href":"https:\/\/ebooks-premium.top\/index.php?rest_route=\/wp\/v2\/product\/1309","targetHints":{"allow":["GET"]}}],"collection":[{"href":"https:\/\/ebooks-premium.top\/index.php?rest_route=\/wp\/v2\/product"}],"about":[{"href":"https:\/\/ebooks-premium.top\/index.php?rest_route=\/wp\/v2\/types\/product"}],"replies":[{"embeddable":true,"href":"https:\/\/ebooks-premium.top\/index.php?rest_route=%2Fwp%2Fv2%2Fcomments&post=1309"}],"wp:featuredmedia":[{"embeddable":true,"href":"https:\/\/ebooks-premium.top\/index.php?rest_route=\/wp\/v2\/media\/1310"}],"wp:attachment":[{"href":"https:\/\/ebooks-premium.top\/index.php?rest_route=%2Fwp%2Fv2%2Fmedia&parent=1309"}],"wp:term":[{"taxonomy":"product_brand","embeddable":true,"href":"https:\/\/ebooks-premium.top\/index.php?rest_route=%2Fwp%2Fv2%2Fproduct_brand&post=1309"},{"taxonomy":"product_cat","embeddable":true,"href":"https:\/\/ebooks-premium.top\/index.php?rest_route=%2Fwp%2Fv2%2Fproduct_cat&post=1309"},{"taxonomy":"product_tag","embeddable":true,"href":"https:\/\/ebooks-premium.top\/index.php?rest_route=%2Fwp%2Fv2%2Fproduct_tag&post=1309"}],"curies":[{"name":"wp","href":"https:\/\/api.w.org\/{rel}","templated":true}]}}