{"id":1307,"date":"2023-11-13T12:12:52","date_gmt":"2023-11-13T11:12:52","guid":{"rendered":"https:\/\/ebooks-premium.top\/?post_type=product&#038;p=1307"},"modified":"2023-11-16T18:20:24","modified_gmt":"2023-11-16T17:20:24","slug":"maitriser-tunnel-de-vente","status":"publish","type":"product","link":"https:\/\/ebooks-premium.top\/?product=maitriser-tunnel-de-vente","title":{"rendered":"Maitriser Tunnel de Vente"},"content":{"rendered":"<p>Vous avez probablement entendu l&rsquo;expression selon laquelle poss\u00e9der votre propre produit est<br \/>\nla cl\u00e9 pour gagner de l&rsquo;argent en ligne. C&rsquo;est vrai pour un certain nombre de raisons. L&rsquo;une des<br \/>\nprincipales raisons est que, si vous poss\u00e9dez le produit, vous pouvez cr\u00e9er un entonnoir de<br \/>\nvente que vous contr\u00f4lez et dont vous profitez \u00e0 100 % (ou tout autre montant que vous<br \/>\nchoisissez en fonction de vos affili\u00e9s, etc.) Si vous ne poss\u00e9dez pas le produit, vous ne pouvez<br \/>\npas contr\u00f4ler l&rsquo;entonnoir de vente et vous ne b\u00e9n\u00e9ficiez pas des ventes suppl\u00e9mentaires<br \/>\nr\u00e9alis\u00e9es par le biais de cet entonnoir.<br \/>\nIl est connu que pratiquement tous les sp\u00e9cialistes du marketing Internet r\u00e9alisent la plupart de<br \/>\nleurs b\u00e9n\u00e9fices par le biais de la partie arri\u00e8re de l&rsquo;entonnoir de vente, et NON par la partie<br \/>\navant.<br \/>\nEn fait, certains sp\u00e9cialistes du marketing sont pr\u00eats \u00e0 accepter une perte sur la partie initiale de<br \/>\nl&rsquo;entonnoir, juste pour attirer de nouveaux clients sur leur liste d&rsquo;acheteurs et pour aider leurs<br \/>\naffili\u00e9s \u00e0 r\u00e9aliser des b\u00e9n\u00e9fices afin qu&rsquo;ils soient dispos\u00e9s \u00e0 promouvoir leurs futures offres de<br \/>\nproduits.<br \/>\nL&rsquo;argent r\u00e9el est gagn\u00e9 \u00e0 l&rsquo;arri\u00e8re de l&rsquo;entonnoir de vente, car c&rsquo;est l\u00e0 que les offres \u00e0 prix \u00e9lev\u00e9<br \/>\nsont normalement propos\u00e9es.<br \/>\nSi l&rsquo;on ajoute que le cr\u00e9ateur de l&rsquo;entonnoir r\u00e9alise g\u00e9n\u00e9ralement 50 \u00e0 100 % des ventes de ces<br \/>\noffres incitatives, il n&rsquo;est pas \u00e9tonnant que la plupart des sp\u00e9cialistes du marketing Internet<br \/>\ntirent la majeure partie de leurs revenus d&rsquo;offres uniques ou d&rsquo;OTO.<\/p>\n","protected":false},"excerpt":{"rendered":"<p>L&rsquo;argent r\u00e9el est gagn\u00e9 \u00e0 l&rsquo;arri\u00e8re de l&rsquo;entonnoir de vente, car c&rsquo;est l\u00e0 que les offres \u00e0 prix \u00e9lev\u00e9<br \/>\nsont normalement propos\u00e9es.<\/p>\n","protected":false},"featured_media":1308,"comment_status":"open","ping_status":"closed","template":"","meta":{"om_disable_all_campaigns":false,"_uag_custom_page_level_css":"","_monsterinsights_skip_tracking":false,"_monsterinsights_sitenote_active":false,"_monsterinsights_sitenote_note":"","_monsterinsights_sitenote_category":0,"site-sidebar-layout":"default","site-content-layout":"","ast-site-content-layout":"default","site-content-style":"default","site-sidebar-style":"default","ast-global-header-display":"","ast-banner-title-visibility":"","ast-main-header-display":"","ast-hfb-above-header-display":"","ast-hfb-below-header-display":"","ast-hfb-mobile-header-display":"","site-post-title":"","ast-breadcrumbs-content":"","ast-featured-img":"","footer-sml-layout":"","theme-transparent-header-meta":"default","adv-header-id-meta":"","stick-header-meta":"","header-above-stick-meta":"","header-main-stick-meta":"","header-below-stick-meta":"","astra-migrate-meta-layouts":"set","ast-page-background-enabled":"default","ast-page-background-meta":{"desktop":{"background-color":"","background-image":"","background-repeat":"repeat","background-position":"center center","background-size":"auto","background-attachment":"scroll","background-type":"","background-media":"","overlay-type":"","overlay-color":"","overlay-gradient":""},"tablet":{"background-color":"","background-image":"","background-repeat":"repeat","background-position":"center center","background-size":"auto","background-attachment":"scroll","background-type":"","background-media":"","overlay-type":"","overlay-color":"","overlay-gradient":""},"mobile":{"background-color":"","background-image":"","background-repeat":"repeat","background-position":"center center","background-size":"auto","background-attachment":"scroll","background-type":"","background-media":"","overlay-type":"","overlay-color":"","overlay-gradient":""}},"ast-content-background-meta":{"desktop":{"background-color":"var(--ast-global-color-5)","background-image":"","background-repeat":"repeat","background-position":"center center","background-size":"auto","background-attachment":"scroll","background-type":"","background-media":"","overlay-type":"","overlay-color":"","overlay-gradient":""},"tablet":{"background-color":"var(--ast-global-color-5)","background-image":"","background-repeat":"repeat","background-position":"center center","background-size":"auto","background-attachment":"scroll","background-type":"","background-media":"","overlay-type":"","overlay-color":"","overlay-gradient":""},"mobile":{"background-color":"var(--ast-global-color-5)","background-image":"","background-repeat":"repeat","background-position":"center center","background-size":"auto","background-attachment":"scroll","background-type":"","background-media":"","overlay-type":"","overlay-color":"","overlay-gradient":""}}},"product_brand":[],"product_cat":[39],"product_tag":[],"class_list":{"0":"post-1307","1":"product","2":"type-product","3":"status-publish","4":"has-post-thumbnail","6":"product_cat-marketing","7":"desktop-align-left","8":"tablet-align-left","9":"mobile-align-left","11":"first","12":"instock","13":"downloadable","14":"virtual","15":"purchasable","16":"product-type-simple"},"aioseo_notices":[],"uagb_featured_image_src":{"full":["https:\/\/ebooks-premium.top\/wp-content\/uploads\/2023\/11\/Capture-decran-2023-11-13-a-12.11.34.jpg",1878,2276,false],"thumbnail":["https:\/\/ebooks-premium.top\/wp-content\/uploads\/2023\/11\/Capture-decran-2023-11-13-a-12.11.34-150x150.jpg",150,150,true],"medium":["https:\/\/ebooks-premium.top\/wp-content\/uploads\/2023\/11\/Capture-decran-2023-11-13-a-12.11.34-248x300.jpg",248,300,true],"medium_large":["https:\/\/ebooks-premium.top\/wp-content\/uploads\/2023\/11\/Capture-decran-2023-11-13-a-12.11.34-768x931.jpg",768,931,true],"large":["https:\/\/ebooks-premium.top\/wp-content\/uploads\/2023\/11\/Capture-decran-2023-11-13-a-12.11.34-845x1024.jpg",845,1024,true],"1536x1536":["https:\/\/ebooks-premium.top\/wp-content\/uploads\/2023\/11\/Capture-decran-2023-11-13-a-12.11.34-1267x1536.jpg",1267,1536,true],"2048x2048":["https:\/\/ebooks-premium.top\/wp-content\/uploads\/2023\/11\/Capture-decran-2023-11-13-a-12.11.34-1690x2048.jpg",1690,2048,true],"woocommerce_thumbnail":["https:\/\/ebooks-premium.top\/wp-content\/uploads\/2023\/11\/Capture-decran-2023-11-13-a-12.11.34-300x457.jpg",300,457,true],"woocommerce_single":["https:\/\/ebooks-premium.top\/wp-content\/uploads\/2023\/11\/Capture-decran-2023-11-13-a-12.11.34-500x606.jpg",500,606,true],"woocommerce_gallery_thumbnail":["https:\/\/ebooks-premium.top\/wp-content\/uploads\/2023\/11\/Capture-decran-2023-11-13-a-12.11.34-100x100.jpg",100,100,true]},"uagb_author_info":{"display_name":"ebooks-premium.top","author_link":"https:\/\/ebooks-premium.top\/?author=0"},"uagb_comment_info":0,"uagb_excerpt":"L'argent r\u00e9el est gagn\u00e9 \u00e0 l'arri\u00e8re de l'entonnoir de vente, car c'est l\u00e0 que les offres \u00e0 prix \u00e9lev\u00e9 sont normalement propos\u00e9es.","_links":{"self":[{"href":"https:\/\/ebooks-premium.top\/index.php?rest_route=\/wp\/v2\/product\/1307","targetHints":{"allow":["GET"]}}],"collection":[{"href":"https:\/\/ebooks-premium.top\/index.php?rest_route=\/wp\/v2\/product"}],"about":[{"href":"https:\/\/ebooks-premium.top\/index.php?rest_route=\/wp\/v2\/types\/product"}],"replies":[{"embeddable":true,"href":"https:\/\/ebooks-premium.top\/index.php?rest_route=%2Fwp%2Fv2%2Fcomments&post=1307"}],"wp:featuredmedia":[{"embeddable":true,"href":"https:\/\/ebooks-premium.top\/index.php?rest_route=\/wp\/v2\/media\/1308"}],"wp:attachment":[{"href":"https:\/\/ebooks-premium.top\/index.php?rest_route=%2Fwp%2Fv2%2Fmedia&parent=1307"}],"wp:term":[{"taxonomy":"product_brand","embeddable":true,"href":"https:\/\/ebooks-premium.top\/index.php?rest_route=%2Fwp%2Fv2%2Fproduct_brand&post=1307"},{"taxonomy":"product_cat","embeddable":true,"href":"https:\/\/ebooks-premium.top\/index.php?rest_route=%2Fwp%2Fv2%2Fproduct_cat&post=1307"},{"taxonomy":"product_tag","embeddable":true,"href":"https:\/\/ebooks-premium.top\/index.php?rest_route=%2Fwp%2Fv2%2Fproduct_tag&post=1307"}],"curies":[{"name":"wp","href":"https:\/\/api.w.org\/{rel}","templated":true}]}}