{"id":1163,"date":"2023-11-05T18:18:21","date_gmt":"2023-11-05T17:18:21","guid":{"rendered":"https:\/\/ebooks-premium.top\/?post_type=product&#038;p=1163"},"modified":"2023-11-09T12:26:19","modified_gmt":"2023-11-09T11:26:19","slug":"vaincre-le-depression","status":"publish","type":"product","link":"https:\/\/ebooks-premium.top\/?product=vaincre-le-depression","title":{"rendered":"Vaincre la d\u00e9pression"},"content":{"rendered":"<p>Si vous ou quelqu&rsquo;un de votre entourage a soudainement perdu tout int\u00e9r\u00eat pour les choses qu&rsquo;il aime normalement, a du mal \u00e0 dormir ou dort trop, il est possible qu&rsquo;il s&rsquo;agisse d&rsquo;une d\u00e9pression.<\/p>\n<p>La d\u00e9pression est parfois subtile, parfois elle vous saute aux yeux. La principale chose \u00e0 noter est que si vous vous sentez d\u00e9sesp\u00e9r\u00e9, triste et vide pendant plus de deux semaines, vous souffrez probablement de d\u00e9pression.<\/p>\n<p>Heureusement, la d\u00e9pression est tr\u00e8s facile \u00e0 traiter.<\/p>\n<p>La d\u00e9pression majeure touche plus de 7 % de la population am\u00e9ricaine. Malheureusement, la plupart des personnes qui en souffrent ne le savent pas et ne cherchent pas l&rsquo;aide appropri\u00e9e.<\/p>\n<p>En g\u00e9n\u00e9ral, les raisons pour lesquelles ils ne demandent pas d&rsquo;aide sont le fait de ne pas avoir la bonne assurance, de ne pas pouvoir se payer les soins, ou de ne pas accepter qu&rsquo;ils ont un probl\u00e8me parce qu&rsquo;il est consid\u00e9r\u00e9 comme un probl\u00e8me invent\u00e9 par leur cercle de famille et d&rsquo;amis.<\/p>\n","protected":false},"excerpt":{"rendered":"<p>La d\u00e9pression \u00e9tant un trouble traitable, c&rsquo;est triste. Si vous cherchez un traitement, vous \u00eates une personne forte qui peut se r\u00e9tablir.<\/p>\n","protected":false},"featured_media":1165,"comment_status":"open","ping_status":"closed","template":"","meta":{"om_disable_all_campaigns":false,"_uag_custom_page_level_css":"","_monsterinsights_skip_tracking":false,"_monsterinsights_sitenote_active":false,"_monsterinsights_sitenote_note":"","_monsterinsights_sitenote_category":0,"site-sidebar-layout":"default","site-content-layout":"","ast-site-content-layout":"default","site-content-style":"default","site-sidebar-style":"default","ast-global-header-display":"","ast-banner-title-visibility":"","ast-main-header-display":"","ast-hfb-above-header-display":"","ast-hfb-below-header-display":"","ast-hfb-mobile-header-display":"","site-post-title":"","ast-breadcrumbs-content":"","ast-featured-img":"","footer-sml-layout":"","theme-transparent-header-meta":"default","adv-header-id-meta":"","stick-header-meta":"","header-above-stick-meta":"","header-main-stick-meta":"","header-below-stick-meta":"","astra-migrate-meta-layouts":"set","ast-page-background-enabled":"default","ast-page-background-meta":{"desktop":{"background-color":"","background-image":"","background-repeat":"repeat","background-position":"center center","background-size":"auto","background-attachment":"scroll","background-type":"","background-media":"","overlay-type":"","overlay-color":"","overlay-gradient":""},"tablet":{"background-color":"","background-image":"","background-repeat":"repeat","background-position":"center center","background-size":"auto","background-attachment":"scroll","background-type":"","background-media":"","overlay-type":"","overlay-color":"","overlay-gradient":""},"mobile":{"background-color":"","background-image":"","background-repeat":"repeat","background-position":"center center","background-size":"auto","background-attachment":"scroll","background-type":"","background-media":"","overlay-type":"","overlay-color":"","overlay-gradient":""}},"ast-content-background-meta":{"desktop":{"background-color":"var(--ast-global-color-5)","background-image":"","background-repeat":"repeat","background-position":"center center","background-size":"auto","background-attachment":"scroll","background-type":"","background-media":"","overlay-type":"","overlay-color":"","overlay-gradient":""},"tablet":{"background-color":"var(--ast-global-color-5)","background-image":"","background-repeat":"repeat","background-position":"center center","background-size":"auto","background-attachment":"scroll","background-type":"","background-media":"","overlay-type":"","overlay-color":"","overlay-gradient":""},"mobile":{"background-color":"var(--ast-global-color-5)","background-image":"","background-repeat":"repeat","background-position":"center center","background-size":"auto","background-attachment":"scroll","background-type":"","background-media":"","overlay-type":"","overlay-color":"","overlay-gradient":""}}},"product_brand":[],"product_cat":[32],"product_tag":[],"class_list":{"0":"post-1163","1":"product","2":"type-product","3":"status-publish","4":"has-post-thumbnail","6":"product_cat-sante","7":"desktop-align-left","8":"tablet-align-left","9":"mobile-align-left","11":"first","12":"instock","13":"downloadable","14":"virtual","15":"purchasable","16":"product-type-simple"},"aioseo_notices":[],"uagb_featured_image_src":{"full":["https:\/\/ebooks-premium.top\/wp-content\/uploads\/2023\/11\/coverFR.png",1350,1746,false],"thumbnail":["https:\/\/ebooks-premium.top\/wp-content\/uploads\/2023\/11\/coverFR-150x150.png",150,150,true],"medium":["https:\/\/ebooks-premium.top\/wp-content\/uploads\/2023\/11\/coverFR-232x300.png",232,300,true],"medium_large":["https:\/\/ebooks-premium.top\/wp-content\/uploads\/2023\/11\/coverFR-768x993.png",768,993,true],"large":["https:\/\/ebooks-premium.top\/wp-content\/uploads\/2023\/11\/coverFR-792x1024.png",792,1024,true],"1536x1536":["https:\/\/ebooks-premium.top\/wp-content\/uploads\/2023\/11\/coverFR-1188x1536.png",1188,1536,true],"2048x2048":["https:\/\/ebooks-premium.top\/wp-content\/uploads\/2023\/11\/coverFR.png",1350,1746,false],"woocommerce_thumbnail":["https:\/\/ebooks-premium.top\/wp-content\/uploads\/2023\/11\/coverFR-300x457.png",300,457,true],"woocommerce_single":["https:\/\/ebooks-premium.top\/wp-content\/uploads\/2023\/11\/coverFR-500x647.png",500,647,true],"woocommerce_gallery_thumbnail":["https:\/\/ebooks-premium.top\/wp-content\/uploads\/2023\/11\/coverFR-100x100.png",100,100,true]},"uagb_author_info":{"display_name":"ebooks-premium.top","author_link":"https:\/\/ebooks-premium.top\/?author=0"},"uagb_comment_info":0,"uagb_excerpt":"La d\u00e9pression \u00e9tant un trouble traitable, c'est triste. Si vous cherchez un traitement, vous \u00eates une personne forte qui peut se r\u00e9tablir.","_links":{"self":[{"href":"https:\/\/ebooks-premium.top\/index.php?rest_route=\/wp\/v2\/product\/1163","targetHints":{"allow":["GET"]}}],"collection":[{"href":"https:\/\/ebooks-premium.top\/index.php?rest_route=\/wp\/v2\/product"}],"about":[{"href":"https:\/\/ebooks-premium.top\/index.php?rest_route=\/wp\/v2\/types\/product"}],"replies":[{"embeddable":true,"href":"https:\/\/ebooks-premium.top\/index.php?rest_route=%2Fwp%2Fv2%2Fcomments&post=1163"}],"wp:featuredmedia":[{"embeddable":true,"href":"https:\/\/ebooks-premium.top\/index.php?rest_route=\/wp\/v2\/media\/1165"}],"wp:attachment":[{"href":"https:\/\/ebooks-premium.top\/index.php?rest_route=%2Fwp%2Fv2%2Fmedia&parent=1163"}],"wp:term":[{"taxonomy":"product_brand","embeddable":true,"href":"https:\/\/ebooks-premium.top\/index.php?rest_route=%2Fwp%2Fv2%2Fproduct_brand&post=1163"},{"taxonomy":"product_cat","embeddable":true,"href":"https:\/\/ebooks-premium.top\/index.php?rest_route=%2Fwp%2Fv2%2Fproduct_cat&post=1163"},{"taxonomy":"product_tag","embeddable":true,"href":"https:\/\/ebooks-premium.top\/index.php?rest_route=%2Fwp%2Fv2%2Fproduct_tag&post=1163"}],"curies":[{"name":"wp","href":"https:\/\/api.w.org\/{rel}","templated":true}]}}